 + l*a. Calculate the greatest common divisor of c and r.
14
Suppose -g + 112 = 2*v, -2*v = 5*g - 3*g - 216. Calculate the greatest common divisor of 13 and g.
13
Let h be 2/(-3 + 104/34). What is the greatest common factor of 51 and h?
17
Let d(c) = -2*c**2 - 12. Let s be d(11). Let w = s + 488. Calculate the highest common factor of w and 26.
26
Let y(t) be the third derivative of t**6/120 - t**5/60 + t**4/24 - t**3/6 - t**2. Let g be y(3). What is the highest common divisor of 100 and g?
20
Let v = -8 - -18. Suppose 5*l - 103 = -3. Calculate the highest common divisor of v and l.
10
Suppose g - 7*g + 204 = 0. What is the highest common factor of g and 17?
17
Let x(l) = -4*l + 8. Let d be x(-4). What is the highest common factor of d and 72?
24
Suppose -w - 25 = 4*w. Let l be 4/(-10) - 67/w. Let j be 1/(-4) + (-1095)/(-12). What is the highest common divisor of l and j?
13
Let o(f) = 1. Let m(b) = -b + 1. Let y(p) = 3*m(p) - 3*o(p). Let r be y(-2). What is the highest common divisor of r and 12?
6
Suppose 3*x - 2*x - 2 = 0. Let o = x + 0. Let z = 28 - 6. What is the greatest common divisor of z and o?
2
Let q = 21 + -18. Calculate the greatest common factor of q and 15.
3
Let g(p) = p + 5. Let j be g(-9). Let u be 9/1 - (j + 4). Calculate the greatest common divisor of u and 72.
9
Suppose -5*q + 48 = 4*y - 68, 2*y - 4*q = 58. Suppose y = 2*l - 3*z, -2*z = 5*l - 0*z - 25. Calculate the greatest common divisor of 63 and l.
7
Suppose -2*i = 3*w - 12, 30 - 2 = 2*i - 5*w. Calculate the highest common factor of i and 99.
9
Let q be (4/3)/(2/3). Suppose 2*h = q*p + 2, 2*h = 2*p - h + 4. Let b be p/(-3)*(-11 - -2). Calculate the greatest common factor of b and 6.
3
Let q(z) = -2*z**2 - 7*z - 1. Let o be q(-5). Let x be ((-66)/4)/(3/o). Calculate the highest common factor of 11 and x.
11
Let h be (-1)/(-4) + (-3)/(-4). Suppose 4*b - 9 = -h. Suppose 5*p + 2*v - 78 = 0, -2 = 4*v + 2. Calculate the greatest common factor of b and p.
2
Suppose 50*g - 924 = 43*g. What is the highest common divisor of 12 and g?
12
Let f = -16 + 25. Calculate the highest common divisor of 72 and f.
9
Let c(d) = 3*d**2 + 6*d + 3. Let q be c(-4). What is the greatest common divisor of q and 9?
9
Let y(f) = f**3 + 6*f**2 - 9*f + 3. Let n be y(-6). Calculate the greatest common divisor of 38 and n.
19
Let j = 82 + -68. Let g(f) = -f**3 + 11*f**2 + 11*f + 5. Let b be g(11). What is the highest common divisor of b and j?
14
Let l(q) = -q**2 - 6*q - 3. Let s be l(-4). Suppose s = 5*y, -v + 5*y + 9 = 2*y. Let a = 5 - -25. What is the greatest common factor of v and a?
6
Let r be 9/((-15)/(-12) + -1). Let j be (1 + 1 + -3)*-12. Suppose 3*b - j = 2*b. What is the highest common divisor of r and b?
12
Suppose 3*q - 87 = 33. What is the greatest common factor of 10 and q?
10
Suppose 0*s + 2*s = 0. Suppose s = -v - 3*k + 7, 5*v = -4*k + 2 + 11. Suppose z - 3 = v. What is the highest common factor of 32 and z?
4
Suppose -k - k + 8 = 0. Suppose -s - 57 = -4*s + 3*f, -k*s + 3*f + 80 = 0. What is the greatest common divisor of 207 and s?
23
Let s(p) = 5*p**2 - 3*p + 3. Let j be s(2). Let g be -2 - (-40)/30*9*3. What is the greatest common divisor of g and j?
17
Suppose 5*g - 2*g = -141. Let b = g - -68. Suppose 4 + 1 = -r, -5*r + 3 = 2*m. What is the highest common factor of m and b?
7
Let u = -22 + 58. Calculate the greatest common factor of u and 9.
9
Suppose -p + 14 + 2 = 0. Let f(j) = 9*j + 4. Let m be f(5). Suppose -4*t + m = -47. What is the highest common factor of t and p?
8
Suppose 48 = -b + 5*b. Suppose 4*i - 220 + b = 0. Let a = i - 20. What is the greatest common divisor of 4 and a?
4
Let p be (-300)/(-4) + 0/1. Let s(m) = m**3 - 3*m**2 + 2*m + 2. Let c be s(2). Suppose 5*o = c + 148. What is the highest common factor of o and p?
15
Let o(j) = -j**3 - 14*j**2 - 13*j + 2. Let d be o(-13). Suppose -2*c = 4*n - 8, d*n + 5*c - 4 = -16. Calculate the greatest common divisor of n and 28.
4
Let j(w) = w**3 + 10*w**2 - 10*w + 13. Let z be (0/2 - -11)/(-1). Let i be j(z). Calculate the greatest common divisor of i and 10.
2
Let o be 8/((-21)/(-6) - 3). Let s be 8346/65 - (-4)/(-10). Calculate the greatest common divisor of o and s.
16
Let t = -1 + 51. What is the greatest common factor of 125 and t?
25
Suppose 4*n - n = 24. Let l = n - 14. Let m be (-1)/(l/(-4) - 2). What is the greatest common factor of 4 and m?
2
Let z(a) = -a**2 - 11*a - 5. Let w be z(-10). Suppose 0 = w*s + 4*t - 59, -4*s + 2*t + 2*t = -40. What is the highest common factor of 11 and s?
11
Let b be 2/13 + 89/13. Suppose 0 = -h - 4*u + 77, -187 = -3*h + 4*u + 44. What is the greatest common factor of b and h?
7
Let x = 47 + -27. Suppose -4*t = -2*l - x, -2*l - 22 + 6 = -3*t. Suppose 32 = 4*j - t*z, 4*z - 10 = -j + 23. Calculate the greatest common divisor of j and 143.
13
Let o = 10 - 12. Let h = 15 + o. What is the greatest common factor of 13 and h?
13
Let v be (-1 + -1)/((-4)/10). Suppose -b + 2 - 13 = -v*o, -4*o + 12 = -4*b. Calculate the highest common factor of 22 and o.
2
Let j(y) = 2*y + 1. Suppose 5*i - 5*z = 10, 3 = 5*i + 2*z - 0*z. Let h be j(i). Calculate the greatest common factor of 12 and h.
3
Let f be (-12)/7*(4 - 11 - 7). Let c = 31 - -29. What is the greatest common divisor of c and f?
12
Let s(d) = -d**2 - 10*d. Let z be s(-9). Let o(w) = w + 3. Let b be o(z). What is the highest common divisor of b and 132?
12
Suppose 0 = -5*v + 11*v - 108. Calculate the highest common factor of v and 63.
9
Let a(z) = -111*z**3 + z**2 - 1. Let l be a(-1). Let s = l - 1. Let t be (-32)/(-4) + -6 + 8. What is the highest common factor of s and t?
10
Let f(m) = -4*m + m + m. Let u be f(-2). Suppose -u*n = -0*n - 48. What is the highest common divisor of n and 132?
12
Let j = -24 - -29. Calculate the greatest common divisor of 5 and j.
5
Suppose 0 = -2*l + 5*l - 24. Let v be 0/(2 - 3 - 1). Suppose v = -n + 3 + 5. Calculate the highest common factor of l and n.
8
Let u(x) = x**3 - 2*x**2 - 7*x + 10. Let f be u(4). What is the greatest common factor of 154 and f?
14
Suppose 2 = -v + 7. Suppose 3*b - 5*b - p + 8 = 0, 0 = v*b + 3*p - 21. What is the highest common divisor of 12 and b?
3
Let k(c) = -c**2 + 2*c + 2. Let j be k(-3). Let p = j + 23. What is the highest common divisor of 80 and p?
10
Let z(f) = f**3 + 8*f**2 + f + 8. Let c be z(-8). Suppose c*a = -a + 36. Suppose 4*t - 7*t = -a. Calculate the greatest common divisor of 3 and t.
3
Let z = 68 + -12. Suppose 4*b + 0*m = -4*m + 12, m + 32 = 4*b. Suppose -35 = -2*v - b. What is the highest common factor of z and v?
14
Suppose 251 - 801 = -11*i. What is the greatest common divisor of i and 10?
10
Let x(t) = -t**3 + 7*t**2 - 3*t - 7. Let g be x(6). Suppose g*p = 6*p + 155. Let h = -18 + p. Calculate the greatest common factor of 117 and h.
13
Suppose -2*x + 26 = 3*d, -d + 3*x + 16 = -0. Calculate the greatest common factor of 20 and d.
10
Let v = 24 + 18. Calculate the greatest common factor of v and 14.
14
Suppose 0 = -3*k - 3, 1 + 4 = n + k. Let m = 2 - 0. What is the greatest common divisor of n and m?
2
Suppose 0 = 5*y - l - 67, -y + 2*l - 2 = -10. Calculate the greatest common divisor of y and 14.
14
Suppose 5*n - 30 = -2*x, -3*n = 2*n - x - 15. What is the highest common divisor of 4 and n?
4
Let q = -8 + 28. Calculate the highest common divisor of q and 30.
10
Let l(f) = -221*f. Let q be l(1). Let z = -155 - q. Calculate the highest common divisor of z and 6.
6
Let w(d) = -101*d + 8. Let t be w(-2). Calculate the greatest common factor of 21 and t.
21
Let o(l) = -l**3 + 4*l**2 + 14*l - 18. Let f be o(5). What is the highest common factor of f and 351?
27
Let g be -4*1*1/(-2). Suppose g*q - 30 = q. What is the greatest common divisor of 20 and q?
10
Let d = -2 - -24. What is the highest common divisor of 55 and d?
11
Let v be (2/(-2))/((-1)/27). Calculate the greatest common factor of v and 27.
27
Let n(k) = k - 1. Let t be n(5). Let w(p) = 3*p - 4. Let g be w(t). Calculate the highest common factor of g and 88.
8
Let x(v) = v**2 + 2. Let h be x(0). Suppose -h*k - 8 = -6*k. Suppose 7*y = k*y + 65. Calculate the greatest common factor of 26 and y.
13
Let o be 2*6 + 1 + -3. Suppose o + 15 = 5*u. Suppose -90 = -u*c - 30. Calculate the highest common divisor of